 w be n(37). Suppose 0 = 3*s - 0*s + 6, -5*s = -2*d + 130. Calculate the greatest common divisor of w and d.
12
Let q = -28 + 31. Let o be -3*1/q*-1. Calculate the highest common divisor of 1 and o.
1
Let l be 598/5 + (-4)/(-10). Let p = -370 + 394. What is the greatest common divisor of p and l?
24
Suppose -3*a = 4 - 58. Suppose -5*r = -2*n + a, -2*n + 4*r + 36 = 2*n. Calculate the highest common factor of n and 45.
9
Let v be (-6 + 0)*340/51. Let j be ((-2)/4)/(-1*(-5)/v). Suppose -d + 24 = 2*d. Calculate the greatest common divisor of j and d.
4
Let r(h) be the second derivative of h**4/12 + 2*h**3/3 + 9*h**2/2 - 10*h. Let x be r(-13). Calculate the highest common factor of 14 and x.
14
Suppose -4*n + 3*v = -91 - 63, -5*n + 208 = 4*v. Let y = -41 - -91. Calculate the highest common divisor of n and y.
10
Suppose -3*x + 46 = 4*j, 3 = x - 3*j - 8. Let b(q) = 278*q + 1. Let w be b(1). Let s = w + -153. What is the highest common divisor of s and x?
14
Let g = -363 - -379. What is the highest common divisor of 16 and g?
16
Let u be 3 - ((-89046)/136 - (-1)/(-4)). What is the highest common divisor of 28 and u?
14
Suppose 747 = 4*n - 3*u + 277, 353 = 3*n - 2*u. Calculate the highest common factor of n and 51.
17
Suppose 7*c - 2*c = 200. Let g = 44 - c. What is the greatest common factor of g and 36?
4
Suppose -3*j - 2*y + 566 = 0, -3*y - 13 = j - 204. What is the highest common divisor of j and 4?
4
Let w = -298 - -314. Let y be (6/(-5))/((-36)/120). What is the highest common divisor of w and y?
4
Suppose 0 = 5*z - 0*z. Let t = z + 2. Suppose 7*q = t*q + 425. Calculate the highest common divisor of 34 and q.
17
Suppose -5*i - 473 = -4*w, -5*w = -i + 3*i - 583. Calculate the greatest common divisor of w and 27.
9
Let p(b) = -b**3 + 4*b**2 + 3*b - 5. Let m be p(4). Let f be -2 - 3 - (-25 - 29). What is the greatest common factor of m and f?
7
Suppose 0 = 4*c - 10 - 2. Suppose -c*d = -1 - 62. What is the highest common factor of d and 7?
7
Suppose 5*y - l = -172, -3*y + 5*l - 93 = l. Let d = 43 + y. What is the highest common divisor of 64 and d?
8
Let n = -13 - -112. Suppose 3*z + 9 = n. Calculate the highest common factor of 6 and z.
6
Let x = 25053 - 25045. Let c(u) = u**3 + 5*u**2 - 5*u + 7. Let d be c(-6). What is the highest common divisor of d and x?
1
Let k = 2746 + -1450. What is the highest common factor of k and 48?
48
Let l = 2309 - 709. What is the highest common factor of 100 and l?
100
Suppose -5*t = -331 - 219. Suppose 3*d - 2*d = 22. What is the greatest common divisor of d and t?
22
Suppose 0*n + 2*n - 10 = 0, 2*s - 5*n + 17 = 0. Suppose 5*t - 14 = -4. Let a be (t + 120/21)/((-6)/(-28)). Calculate the highest common divisor of s and a.
4
Let g be 787 + (116/18 - (-176)/(-396)). What is the greatest common factor of 61 and g?
61
Suppose -2*r + 186 = 4*x, -4*r + 0 + 20 = 0. What is the highest common factor of 198 and x?
22
Let v be (3 - (-2 + 4)) + 6. Suppose -b - 2 = -3*b - 4*s, 5*b + 2*s = -19. Let y be 490/21*(-12)/b. What is the greatest common divisor of y and v?
7
Let b be 8/(-28) - 170/(-7). Suppose 0*v = 3*v + 4*v. Suppose 4*q + 0*c + c - 51 = v, -q + b = 4*c. Calculate the greatest common factor of q and 4.
4
Suppose -357 = -3*r - 84. Suppose -z + 2*g = -0*g - 47, -g = 4. What is the highest common factor of z and r?
13
Let i be 2*(-174)/(-4) + 3. Let w be (-8)/6*i/5. Let l = -21 - w. What is the greatest common factor of l and 33?
3
Let q(v) = v**2 - 8*v - 14. Suppose 0 = 4*c - 3 - 41. Let p be q(c). What is the greatest common divisor of 38 and p?
19
Suppose -3*j - 270 = -0*m + 3*m, 3*m = 3*j + 300. Let b = 100 + j. Let a(v) = 8*v - 8. Let g be a(6). Calculate the greatest common factor of g and b.
5
Suppose 26 + 6 = 16*n. What is the greatest common divisor of 25 and n?
1
Let q = 62 + -99. Let j = 49 + q. Let n be (3/(-6))/(2/(-32)). Calculate the greatest common factor of n and j.
4
Let p = -123 - -263. Calculate the greatest common divisor of 10 and p.
10
Let j = -139 - -419. What is the greatest common divisor of j and 16?
8
Suppose 2*l - 95 = -421. Let f = 279 + l. Calculate the highest common factor of 29 and f.
29
Let p be 2/(-5) - 4791/(-15). Let x(n) = -n**3 + 37*n**2 - 285*n + 3. Let t be x(26). What is the highest common factor of p and t?
29
Suppose 3*s + 20 - 62 = 0. Let u(w) = 6*w - 14. Suppose -5*g + g + 41 = z, -2*z + 47 = g. Let x be u(z). What is the greatest common divisor of s and x?
14
Let j(v) be the first derivative of 3*v**3 + 1/4*v**4 + 10 + 7/2*v**2 + 10*v. Let z be j(-8). What is the greatest common factor of 54 and z?
18
Suppose 167 - 2017 = -2*r. What is the greatest common divisor of 25 and r?
25
Suppose 5*p + 0*p = 25. Let a(o) = o**3 - 3*o**2 - 5*o - 9. Let v be a(p). Calculate the greatest common factor of 80 and v.
16
Suppose 15*j - 305 = 55. What is the greatest common factor of 648 and j?
24
Suppose -2*a - s = -19, -s = 5*a - 7*a + 13. What is the greatest common factor of a and 40?
8
Let k = -3270 + 2310. Let q = -586 - k. Let z be 137/4 + (-13 + 102/8)*1. Calculate the greatest common factor of z and q.
34
Let p = 390 + -145. What is the highest common factor of p and 147?
49
Suppose -5*z + 72 = -z. Suppose -3*w = 57 + 69. Let h = 60 + w. What is the highest common factor of z and h?
18
Suppose 4*u = -3*n + 300, -6*n + 4*n + 300 = 4*u. What is the highest common divisor of 6 and u?
3
Let i = 0 + 3. Suppose 2*k - 3*o = 20, i*k - 4*o - 32 = -0*o. Let l = 362 + -322. What is the highest common divisor of k and l?
8
Let m be -2 - (-2 + 0 + -60). Suppose 0 = -5*x - x - 108. Let j be 6/x + 242/6. What is the highest common factor of j and m?
20
Let w(o) = -2*o + 1. Let l be w(2). Let r = l - -9. Suppose -2*y = -28 + r. Calculate the highest common factor of y and 11.
11
Let n(z) = z**3 - 3*z**2 + 10*z - 2. Let u be n(5). Let d be u*2/6 + (-2)/(-6). What is the highest common divisor of d and 3?
3
Let b = 6 + -3. Suppose 2*l - 13 = -b. Suppose l = 6*f - 7. What is the highest common factor of 2 and f?
2
Let i = -232 - -787. Calculate the highest common divisor of 37 and i.
37
Let w(q) = q**3 + 8*q**2 + 7*q + 3. Let l be (2/(-3))/(10/105). Let p be w(l). What is the highest common divisor of p and 33?
3
Let k be 60*((-2)/6 + 1). What is the highest common factor of 640 and k?
40
Let q(n) = 76*n**2 - 8*n + 29. Let u be q(-7). What is the greatest common divisor of u and 13?
13
Let b = -107 - -153. Let d(y) = 4*y**2 - 5*y - 10. Suppose 5*w - 3*i = -22, 5*i - i = w + 1. Let j be d(w). Calculate the greatest common divisor of j and b.
23
Suppose -1251*d = -1241*d - 5120. What is the greatest common divisor of 32 and d?
32
Suppose 0 = -3*p + 2*q - 0*q + 20, -11 = -2*p - q. Let w be (-6)/(-36)*p*(0 + 12). What is the greatest common divisor of w and 18?
6
Let c be 29/5*-3*-5. Let n be (2 - -1) + c + 4/(-1). Calculate the greatest common factor of n and 43.
43
Let j(d) = 28*d**2 - 3*d - 2. Let s be j(-1). Let n(h) = 6*h - 20. Let k be n(13). Calculate the highest common factor of s and k.
29
Let k(n) = -n**3 - 33*n**2 + 69*n - 31. Let r be k(-35). What is the highest common divisor of r and 180?
4
Suppose -s + 5*g + 7 = 4*g, -3*s - 3*g = -39. Let b(i) = -45*i - 45. Let m be b(-9). Suppose -5*u = -90 - m. What is the greatest common divisor of s and u?
10
Let z = -119 - -125. Suppose -106 = -5*c - z. What is the highest common factor of c and 60?
20
Let d(q) = -q**3 - 10*q**2 - 17*q - 5. Let l be d(-8). Let a be (2 - -4)/(l/4). Calculate the highest common factor of 72 and a.
8
Let b be 2 - (-2125)/20 - (-1)/(-4). What is the greatest common factor of 243 and b?
27
Let v be (2/3)/((-1)/(-3)). Let s = 119 + -117. Let o be 6*(-10)/(-12) - (-2)/s. What is the greatest common factor of o and v?
2
Suppose 20*o + 2538 = 26*o. Calculate the highest common divisor of o and 47.
47
Let q = 31 - 16. Suppose 5*f = -5*i + f + q, 4 = -3*i - 5*f. Calculate the highest common factor of 91 and i.
7
Suppose 3*y = 3 + 3. Let o(n) = 2*n - 3*n - y + 0*n. Let w be o(-10). Calculate the greatest common divisor of w and 56.
8
Let g be 4/(-1) - 91/(-7). Let j be 1386/56*(2 + 2). What is the greatest common factor of g and j?
9
Let i = -155 - -267. What is the greatest common factor of 350 and i?
14
Let g = 863 - 200. 